{"id":56890,"date":"2023-05-29T18:52:39","date_gmt":"2023-05-29T15:52:39","guid":{"rendered":"https:\/\/ledstore.fi\/blog\/?page_id=56890"},"modified":"2025-08-06T14:36:25","modified_gmt":"2025-08-06T11:36:25","slug":"led-valonauhan-kayttoika","status":"publish","type":"page","link":"https:\/\/www.ledprofiili.fi\/blog\/led-valonauhan-kayttoika","title":{"rendered":"LED valonauhan k\u00e4ytt\u00f6ik\u00e4"},"content":{"rendered":"<!--?xml encoding=\"UTF-8\"--><p>Yksi t\u00e4rkeimmist\u00e4 eduista led valonauhoissa on niiden eritt\u00e4in pitk\u00e4 k\u00e4ytt\u00f6ik\u00e4. Mutta kuinka kauan led valonauha kest\u00e4\u00e4 tosiasiassa? Miten k\u00e4ytt\u00f6ik\u00e4 m\u00e4\u00e4ritell\u00e4\u00e4n? LED valonauhan k\u00e4ytt\u00f6ik\u00e4 on tyypillisesti 50 000-80 000 tuntia, mik\u00e4 on todella pitk\u00e4 aika. Siihen, kuinka kauan <a title=\"led nauhat\" href=\"https:\/\/ledstore.fi\/kategoria\/lamppukauppa\/led-nauhat\" target=\"_self\" rel=\"dofollow noopener\" data-autolink-id=\"336\">LED nauhat<\/a> kest\u00e4v\u00e4t, vaikuttavat kuitenkin eri tekij\u00e4t, kuten l\u00e4mp\u00f6tila, k\u00e4ytt\u00f6tapa ja tuotteen laatu.<\/p><div id=\"ez-toc-container\" class=\"ez-toc-v2_0_81 counter-hierarchy ez-toc-counter ez-toc-white ez-toc-container-direction\">\n<nav><ul class=\"ez-toc-list ez-toc-list-level-1 \"><li class=\"ez-toc-page-1 ez-toc-heading-level-2\"><a class=\"ez-toc-link ez-toc-heading-1\" href=\"https:\/\/www.ledprofiili.fi\/blog\/led-valonauhan-kayttoika\/#Led_valonauhan_ikaan_vaikuttavat_asiat\">Led valonauhan ik\u00e4\u00e4n vaikuttavat asiat<\/a><ul class=\"ez-toc-list-level-3\"><li class=\"ez-toc-heading-level-3\"><a class=\"ez-toc-link ez-toc-heading-2\" href=\"https:\/\/www.ledprofiili.fi\/blog\/led-valonauhan-kayttoika\/#Komponenttien_laatu\">Komponenttien laatu<\/a><\/li><li class=\"ez-toc-page-1 ez-toc-heading-level-3\"><a class=\"ez-toc-link ez-toc-heading-3\" href=\"https:\/\/www.ledprofiili.fi\/blog\/led-valonauhan-kayttoika\/#Kayttolampotila\">K\u00e4ytt\u00f6l\u00e4mp\u00f6tila<\/a><\/li><li class=\"ez-toc-page-1 ez-toc-heading-level-3\"><a class=\"ez-toc-link ez-toc-heading-4\" href=\"https:\/\/www.ledprofiili.fi\/blog\/led-valonauhan-kayttoika\/#Kaytto\">K\u00e4ytt\u00f6<\/a><\/li><li class=\"ez-toc-page-1 ez-toc-heading-level-3\"><a class=\"ez-toc-link ez-toc-heading-5\" href=\"https:\/\/www.ledprofiili.fi\/blog\/led-valonauhan-kayttoika\/#Virtalahde\">Virtal\u00e4hde<\/a><\/li><li class=\"ez-toc-page-1 ez-toc-heading-level-3\"><a class=\"ez-toc-link ez-toc-heading-6\" href=\"https:\/\/www.ledprofiili.fi\/blog\/led-valonauhan-kayttoika\/#Ymparistotekijat\">Ymp\u00e4rist\u00f6tekij\u00e4t<\/a><\/li><\/ul><\/li><li class=\"ez-toc-page-1 ez-toc-heading-level-2\"><a class=\"ez-toc-link ez-toc-heading-7\" href=\"https:\/\/www.ledprofiili.fi\/blog\/led-valonauhan-kayttoika\/#Led_nauhat_tarvitsevat_alumiiniprofiilin\">Led nauhat tarvitsevat alumiiniprofiilin<\/a><\/li><li class=\"ez-toc-page-1 ez-toc-heading-level-2\"><a class=\"ez-toc-link ez-toc-heading-8\" href=\"https:\/\/www.ledprofiili.fi\/blog\/led-valonauhan-kayttoika\/#Led_valonauhan_asennusoppaat\">Led valonauhan asennusoppaat<\/a><\/li><li class=\"ez-toc-page-1 ez-toc-heading-level-2\"><a class=\"ez-toc-link ez-toc-heading-9\" href=\"https:\/\/www.ledprofiili.fi\/blog\/led-valonauhan-kayttoika\/#Led_valonauhan_asiantuntija\">Led valonauhan asiantuntija<\/a><ul class=\"ez-toc-list-level-3\"><li class=\"ez-toc-heading-level-3\"><a class=\"ez-toc-link ez-toc-heading-10\" href=\"https:\/\/www.ledprofiili.fi\/blog\/led-valonauhan-kayttoika\/#Mittatilaus_Led_valonauhat\">Mittatilaus Led valonauhat<\/a><\/li><\/ul><\/li><\/ul><\/nav><\/div><h2><span class=\"ez-toc-section\" id=\"Led_valonauhan_ikaan_vaikuttavat_asiat\"><\/span>Led valonauhan ik\u00e4\u00e4n vaikuttavat asiat<span class=\"ez-toc-section-end\"><\/span><\/h2><p>Led\u00a0 valonauhan k\u00e4ytt\u00f6ik\u00e4 vaihtelee merkitt\u00e4v\u00e4stikin. Jotkut edulliset tuotteet ovat syyst\u00e4kin edullisia ja siksi my\u00f6s lyhyemm\u00e4ll\u00e4 k\u00e4ytt\u00f6i\u00e4ll\u00e4. K\u00e4yd\u00e4\u00e4np\u00e4 l\u00e4pi syit\u00e4 jotka vaikuttavat led valonauhan k\u00e4ytt\u00f6ik\u00e4\u00e4n.<\/p><h3><span class=\"ez-toc-section\" id=\"Komponenttien_laatu\"><\/span>Komponenttien laatu<span class=\"ez-toc-section-end\"><\/span><\/h3><p>Laadukkaat LED-sirut, ohjainpiirit ja muut komponentit vaikuttavat led-valonauhojen k\u00e4ytt\u00f6ik\u00e4\u00e4n. Pit\u00e4\u00e4 muistaa, ett\u00e4 led valonauhassa on useita ohjainpiirej\u00e4 jotka ohjaavat kutakin sarjassa olevaa led piirien ryhm\u00e4\u00e4.<\/p><h3><span class=\"ez-toc-section\" id=\"Kayttolampotila\"><\/span>K\u00e4ytt\u00f6l\u00e4mp\u00f6tila<span class=\"ez-toc-section-end\"><\/span><\/h3><p>Ylikuumeneminen lyhent\u00e4\u00e4 merkitt\u00e4v\u00e4sti LED-valonauhojen k\u00e4ytt\u00f6ik\u00e4\u00e4. Olen kirjoittanut pidemm\u00e4nkin perustelun sille 12Miksi led ei kest\u00e4 kuumaa, mutta kyse on nimenomaan led piirin liitosl\u00e4mp\u00f6tilan noususta liian korkeaksi, mik\u00e4li ymp\u00e4rist\u00f6n ja itse led piirin l\u00e4mp\u00f6tila on liian korkea. Liian korkea liitosl\u00e4mp\u00f6tila katkaisee kultalangan.<\/p><figure id=\"attachment_53090\" aria-describedby=\"caption-attachment-53090\" style=\"width: 950px\" class=\"wp-caption alignnone\"><a href=\"https:\/\/ledstore.fi\/blog\/wp-content\/uploads\/SMD-led-valonauhan-rakenne-2.png\" rel=\"dofollow\"><img loading=\"lazy\" decoding=\"async\" class=\"size-large wp-image-53090\" src=\"https:\/\/ledstore.fi\/blog\/wp-content\/uploads\/SMD-led-valonauhan-rakenne-2-950x198.png\" alt=\"SMD-led-valonauhan-rakenne ja liitosl\u00e4mp\u00f6tila\" width=\"950\" height=\"198\" srcset=\"https:\/\/www.ledprofiili.fi\/blog\/wp-content\/uploads\/SMD-led-valonauhan-rakenne-2-950x198.png 950w, https:\/\/www.ledprofiili.fi\/blog\/wp-content\/uploads\/SMD-led-valonauhan-rakenne-2-317x66.png 317w, https:\/\/www.ledprofiili.fi\/blog\/wp-content\/uploads\/SMD-led-valonauhan-rakenne-2.png 1200w\" sizes=\"auto, (max-width: 950px) 100vw, 950px\"><\/a><figcaption id=\"caption-attachment-53090\" class=\"wp-caption-text\">SMD-led-valonauhan-rakenne ja liitosl\u00e4mp\u00f6tila<\/figcaption><\/figure><p>K\u00e4ytt\u00f6ik\u00e4 voi helposti puolittua jos led on liian kuuma tai jopa enemm\u00e4nkin jos k\u00e4ytt\u00f6alue on todella kuuma, kuten saunan katto.<\/p><h3><span class=\"ez-toc-section\" id=\"Kaytto\"><\/span>K\u00e4ytt\u00f6<span class=\"ez-toc-section-end\"><\/span><\/h3><p>My\u00f6s k\u00e4ytt\u00f6tiheys ja -aika voivat vaikuttaa LED-valonauhojen k\u00e4ytt\u00f6ik\u00e4\u00e4n. Vaikka Led valonauha kest\u00e4\u00e4 oikein asennettuna pitk\u00e4\u00e4n, jatkuva p\u00e4\u00e4ll\u00e4 olo nopeuttaa sen vanhenemista, koska led piirit eiv\u00e4t v\u00e4lill\u00e4 p\u00e4\u00e4se j\u00e4\u00e4htym\u00e4\u00e4n.<\/p><h3><span class=\"ez-toc-section\" id=\"Virtalahde\"><\/span>Virtal\u00e4hde<span class=\"ez-toc-section-end\"><\/span><\/h3><p>Virtal\u00e4hteen laatu ja vakaus voivat vaikuttaa LED-valonauhojen k\u00e4ytt\u00f6ik\u00e4\u00e4n. Heikkolaatuinen virtal\u00e4hde ei suodata \u00e4killisi\u00e4 j\u00e4nnitepiikkej\u00e4 ja -laskuja. Toisin sanoen virtal\u00e4hde ei pysty pit\u00e4m\u00e4\u00e4n j\u00e4nnitett\u00e4 vakiona. Silloin Led piirit ja led valonauhan ohjauspiirit eiv\u00e4t tule kest\u00e4m\u00e4\u00e4n. Heikkolaatuinen tai liian pienitehoinen muuntaja on my\u00f6s syy sille 12miksi led valonauha vilkkuu.\u00a0<\/p><p>Osta siis vain laadukkaita Led muuntajia. Laadukas muuntaja tulee my\u00f6s pitk\u00e4ll\u00e4 takuulla.<\/p><h3><span class=\"ez-toc-section\" id=\"Ymparistotekijat\"><\/span>Ymp\u00e4rist\u00f6tekij\u00e4t<span class=\"ez-toc-section-end\"><\/span><\/h3><p>Altistuminen kosteudelle, p\u00f6lylle ja muille ymp\u00e4rist\u00f6tekij\u00f6ille voi lyhent\u00e4\u00e4 LED-valonauhojen k\u00e4ytt\u00f6ik\u00e4\u00e4.<\/p><p>Eli tiivistetysti k\u00e4ytt\u00f6ik\u00e4\u00e4n vaikuttavia tekij\u00f6it\u00e4 on useita, mutta yksi on ylitse muiden\u2026<\/p><h2><span class=\"ez-toc-section\" id=\"Led_nauhat_tarvitsevat_alumiiniprofiilin\"><\/span>Led nauhat tarvitsevat alumiiniprofiilin<span class=\"ez-toc-section-end\"><\/span><\/h2><figure id=\"attachment_50337\" aria-describedby=\"caption-attachment-50337\" style=\"width: 1000px\" class=\"wp-caption alignnone\"><a href=\"https:\/\/ledstore.fi\/blog\/wp-content\/uploads\/Led_Alumiiniprofiilit-led-valonauhalle.jpg\" rel=\"dofollow\"><img loading=\"lazy\" decoding=\"async\" class=\"wp-image-50337\" src=\"https:\/\/ledstore.fi\/blog\/wp-content\/uploads\/Led_Alumiiniprofiilit-led-valonauhalle-950x264.jpg\" alt=\"Led alumiiniprofiilit Led valonauhalle\" width=\"1000\" height=\"277\" srcset=\"https:\/\/www.ledprofiili.fi\/blog\/wp-content\/uploads\/Led_Alumiiniprofiilit-led-valonauhalle-950x264.jpg 950w, https:\/\/www.ledprofiili.fi\/blog\/wp-content\/uploads\/Led_Alumiiniprofiilit-led-valonauhalle-317x88.jpg 317w, https:\/\/www.ledprofiili.fi\/blog\/wp-content\/uploads\/Led_Alumiiniprofiilit-led-valonauhalle.jpg 1200w\" sizes=\"auto, (max-width: 1000px) 100vw, 1000px\"><\/a><figcaption id=\"caption-attachment-50337\" class=\"wp-caption-text\">Led alumiiniprofiilit Led valonauhalle<\/figcaption><\/figure><p>Yksi ylivoimaisesti suurin led valonauhojen k\u00e4ytt\u00f6ik\u00e4\u00e4n vaikuttava tekij\u00e4 on l\u00e4mp\u00f6tilan hallinta. Olemmekin kirjoittaneet pitk\u00e4n ja kattavan artikkelin aiheesta 12miksi led nauha tarvitsee alumiiniprofiilin?<\/p><p>Jos haluat tiet\u00e4\u00e4 enemm\u00e4n led valonauhojen k\u00e4ytt\u00f6i\u00e4st\u00e4, niin kerromme kyll\u00e4. Olemme kirjoittaneet my\u00f6s aiheesta pidemm\u00e4n artikkelin 12Kuinka kauan led nauhat kest\u00e4v\u00e4t?<\/p><h2><span class=\"ez-toc-section\" id=\"Led_valonauhan_asennusoppaat\"><\/span>Led valonauhan asennusoppaat<span class=\"ez-toc-section-end\"><\/span><\/h2><ul>\n<li>12Led valonauhan rinnan kytkent\u00e4 \u2013 K\u00e4sittelemme rinnan kytkenn\u00e4n periaatetta ja annamme esimerkin.<\/li>\n<li>12Led valonauhan katkaiseminen \u2013 Led valonauhan katkaiseminen ja led nauhan palan vaihto<\/li>\n<li>12Led valonauha ei syty \u2013 Miksi led nauha ei syty, k\u00e4ymme syyt l\u00e4pi<\/li>\n<li>12Led valonauha vilkkuu \u2013 Miksi led valonauha vilkkuu? Syit\u00e4 on monia ja k\u00e4ymme ne kaikki l\u00e4pi.<\/li>\n<li>12Led valonauhan kiinnitys \u2013 Miten kiinnit\u00e4n led nauhan sis\u00e4ll\u00e4 tai ulkona? Mit\u00e4 pit\u00e4\u00e4 huomioida?<\/li>\n<li>12Led valonauhan liitt\u00e4minen muuntajaan \u2013 Miten liit\u00e4n led nauhan erityyppisiin muuntajiin?<\/li>\n<li>12RGB Led valonauhan kytkent\u00e4 \u2013 Miten kytken RGB led valonauhan erilaisiin ohjauslaitteisiin?<\/li>\n<li>12Led valonauhan jatkaminen \u2013 Miten juotan liitokset? Pieni juotosopas aloittelijalle.<\/li>\n<\/ul><h2><span class=\"ez-toc-section\" id=\"Led_valonauhan_asiantuntija\"><\/span>Led valonauhan asiantuntija<span class=\"ez-toc-section-end\"><\/span><\/h2><p>LedStore on toiminut led-valaistuksen ja valaistussuunnittelun asiantuntijana jo vuodesta 2010. Meill\u00e4 on oma tuotesuunnittelu, joten tuotteet ovat teknisesti huippuluokkaa. Tuotteiden takuut ovat jopa 7 vuotta. Suoritamme my\u00f6s valaisinhuoltoa.<\/p><p>Keskitymme l\u00e4mp\u00f6tilas\u00e4\u00e4dett\u00e4viin ja korkean v\u00e4rintoiston valaisimiin, joten valaisimet toimivat loistavasti ja pitk\u00e4ik\u00e4isesti. Teemme vuodessa n. 500 valaistussuunnittelua asiakkaidemme kohteisiin.\u00a0<a href=\"https:\/\/ledstore.fi\/palvelut\/valaistussuunnittelu\" rel=\"dofollow\">Lue t\u00e4st\u00e4 lis\u00e4\u00e4 tai tilaa suunnittelu<\/a>. <strong><em>Tiesitk\u00f6? LedStore tarjoaa valaistussuunnittelua alkaen 169 euroa koko taloon!\u00a0<\/em><\/strong><\/p><h3><span class=\"ez-toc-section\" id=\"Mittatilaus_Led_valonauhat\"><\/span>Mittatilaus Led valonauhat<span class=\"ez-toc-section-end\"><\/span><\/h3><p>Tarjoamme palvelun a\u00a0<a href=\"https:\/\/ledstore.fi\/palvelut\/mittatilaus\" rel=\"dofollow\">mittatilaus led nauhoja<\/a>, eli jokaiselle omien mittojen mukaan led-nauhat alumiiniprofiilissa.\u00a0 My\u00f6s\u00a0<a href=\"https:\/\/ledstore.fi\/sivu\/led-valojen-asennus\/valaisimen-asennus\" rel=\"dofollow\">asennettuna.<\/a><\/p><p>Muista, ett\u00e4 olemme aina valmiina tukemaan sinua matkan varrella s\u00e4hk\u00f6postitse (<a href=\"mailto:myynti@ledstore.fi\">myynti@ledstore.fi<\/a>) ja puhelimitse (045 251 4510). Voit jakaa vapaasti sosiaalisessa mediassa kuvia omista projekteistasi #ledstorefi IG:ss\u00e4 ja ledstore.fi FB:ss\u00e4. Rakastamme n\u00e4hd\u00e4, miten hienoja juttuja ledeill\u00e4mme tehd\u00e4\u00e4n, ja se auttaa tarjoamaan inspiraatiota niille, jotka eiv\u00e4t ole varmoja ledien tehosta ja mahtavuudesta.<\/p><p><strong>Tiesitk\u00f6, ett\u00e4 meill\u00e4 on jo yli 3 500 kuvaa meid\u00e4n ledeill\u00e4 tehdyist\u00e4 asennuksista<a href=\"https:\/\/ledstore.fi\/kuvagalleria\" rel=\"dofollow\"> Galleriassamme!<\/a><\/strong><\/p><p>\u00a0<\/p>\n","protected":false},"excerpt":{"rendered":"<p>Yksi t\u00e4rkeimmist\u00e4 eduista led valonauhoissa on niiden eritt\u00e4in pitk\u00e4 k\u00e4ytt\u00f6ik\u00e4. Mutta kuinka kauan led valonauha kest\u00e4\u00e4 tosiasiassa? Miten k\u00e4ytt\u00f6ik\u00e4 m\u00e4\u00e4ritell\u00e4\u00e4n? LED valonauhan k\u00e4ytt\u00f6ik\u00e4 on tyypillisesti 50 000-80 000 tuntia, mik\u00e4 on todella pitk\u00e4 aika. Siihen, kuinka kauan LED nauhat kest\u00e4v\u00e4t, vaikuttavat kuitenkin eri tekij\u00e4t, kuten l\u00e4mp\u00f6tila, k\u00e4ytt\u00f6tapa ja tuotteen laatu. Led valonauhan ik\u00e4\u00e4n vaikuttavat asiat &hellip;<\/p>\n","protected":false},"author":1,"featured_media":53072,"parent":0,"menu_order":0,"comment_status":"closed","ping_status":"closed","template":"","meta":{"_acf_changed":false,"om_disable_all_campaigns":false,"_monsterinsights_skip_tracking":false,"_monsterinsights_sitenote_active":false,"_monsterinsights_sitenote_note":"","_monsterinsights_sitenote_category":0,"footnotes":""},"class_list":["post-56890","page","type-page","status-publish","has-post-thumbnail","hentry"],"acf":[],"aioseo_notices":[],"_links":{"self":[{"href":"https:\/\/www.ledprofiili.fi\/blog\/wp-json\/wp\/v2\/pages\/56890","targetHints":{"allow":["GET"]}}],"collection":[{"href":"https:\/\/www.ledprofiili.fi\/blog\/wp-json\/wp\/v2\/pages"}],"about":[{"href":"https:\/\/www.ledprofiili.fi\/blog\/wp-json\/wp\/v2\/types\/page"}],"author":[{"embeddable":true,"href":"https:\/\/www.ledprofiili.fi\/blog\/wp-json\/wp\/v2\/users\/1"}],"replies":[{"embeddable":true,"href":"https:\/\/www.ledprofiili.fi\/blog\/wp-json\/wp\/v2\/comments?post=56890"}],"version-history":[{"count":1,"href":"https:\/\/www.ledprofiili.fi\/blog\/wp-json\/wp\/v2\/pages\/56890\/revisions"}],"predecessor-version":[{"id":72759,"href":"https:\/\/www.ledprofiili.fi\/blog\/wp-json\/wp\/v2\/pages\/56890\/revisions\/72759"}],"wp:featuredmedia":[{"embeddable":true,"href":"https:\/\/www.ledprofiili.fi\/blog\/wp-json\/wp\/v2\/media\/53072"}],"wp:attachment":[{"href":"https:\/\/www.ledprofiili.fi\/blog\/wp-json\/wp\/v2\/media?parent=56890"}],"curies":[{"name":"wp","href":"https:\/\/api.w.org\/{rel}","templated":true}]}}