{"id":57063,"date":"2023-06-03T09:09:30","date_gmt":"2023-06-03T06:09:30","guid":{"rendered":"https:\/\/ledstore.fi\/blog\/?page_id=57063"},"modified":"2023-06-06T15:40:49","modified_gmt":"2023-06-06T12:40:49","slug":"led-valonauhan-katkaiseminen","status":"publish","type":"page","link":"https:\/\/www.ledprofiili.fi\/blog\/led-valonauhan-katkaiseminen","title":{"rendered":"LED valonauhan katkaiseminen"},"content":{"rendered":"<!--?xml encoding=\"UTF-8\"--><p>LED-valonauha on suosittu valaistusratkaisu, joka tarjoaa monipuolisuutta ja mukautettavuutta erilaisiin valaistustarpeisiin. T\u00e4ss\u00e4 artikkelissa k\u00e4sittelemme, miten heikkovirta LED-valonauhaa (12V tai 24V) voidaan katkaista ja jatkaa tarpeen mukaan.<\/p><div id=\"ez-toc-container\" class=\"ez-toc-v2_0_81 counter-hierarchy ez-toc-counter ez-toc-white ez-toc-container-direction\">\n<nav><ul class=\"ez-toc-list ez-toc-list-level-1 \"><li class=\"ez-toc-page-1 ez-toc-heading-level-2\"><a class=\"ez-toc-link ez-toc-heading-1\" href=\"https:\/\/www.ledprofiili.fi\/blog\/led-valonauhan-katkaiseminen\/#LED-valonauhan_toiminta\">LED-valonauhan toiminta<\/a><\/li><li class=\"ez-toc-page-1 ez-toc-heading-level-2\"><a class=\"ez-toc-link ez-toc-heading-2\" href=\"https:\/\/www.ledprofiili.fi\/blog\/led-valonauhan-katkaiseminen\/#LED-valonauhan_katkaisemisen_tarve\">LED-valonauhan katkaisemisen tarve<\/a><\/li><li class=\"ez-toc-page-1 ez-toc-heading-level-2\"><a class=\"ez-toc-link ez-toc-heading-3\" href=\"https:\/\/www.ledprofiili.fi\/blog\/led-valonauhan-katkaiseminen\/#LED-valonauhan_katkaisemisen_perusteet\">LED-valonauhan katkaisemisen perusteet<\/a><\/li><li class=\"ez-toc-page-1 ez-toc-heading-level-2\"><a class=\"ez-toc-link ez-toc-heading-4\" href=\"https:\/\/www.ledprofiili.fi\/blog\/led-valonauhan-katkaiseminen\/#LED-valonauhan_jannitteen_ja_katkaisukohtien_selvittaminen\">LED-valonauhan j\u00e4nnitteen ja katkaisukohtien selvitt\u00e4minen<\/a><\/li><li class=\"ez-toc-page-1 ez-toc-heading-level-2\"><a class=\"ez-toc-link ez-toc-heading-5\" href=\"https:\/\/www.ledprofiili.fi\/blog\/led-valonauhan-katkaiseminen\/#Heikkovirtaled-nauhan_katkaisemisen_vaiheet\">Heikkovirtaled-nauhan katkaisemisen vaiheet<\/a><\/li><li class=\"ez-toc-page-1 ez-toc-heading-level-2\"><a class=\"ez-toc-link ez-toc-heading-6\" href=\"https:\/\/www.ledprofiili.fi\/blog\/led-valonauhan-katkaiseminen\/#LED-valonauhan_uudelleen_liittaminen\">LED-valonauhan uudelleen liitt\u00e4minen<\/a><\/li><li class=\"ez-toc-page-1 ez-toc-heading-level-2\"><a class=\"ez-toc-link ez-toc-heading-7\" href=\"https:\/\/www.ledprofiili.fi\/blog\/led-valonauhan-katkaiseminen\/#Yleisia_virheita_ja_niiden_valttaminen\">Yleisi\u00e4 virheit\u00e4 ja niiden v\u00e4ltt\u00e4minen<\/a><\/li><li class=\"ez-toc-page-1 ez-toc-heading-level-2\"><a class=\"ez-toc-link ez-toc-heading-8\" href=\"https:\/\/www.ledprofiili.fi\/blog\/led-valonauhan-katkaiseminen\/#Yhteenveto\">Yhteenveto<\/a><\/li><li class=\"ez-toc-page-1 ez-toc-heading-level-2\"><a class=\"ez-toc-link ez-toc-heading-9\" href=\"https:\/\/www.ledprofiili.fi\/blog\/led-valonauhan-katkaiseminen\/#Led_valonauhan_asennusoppaat\">Led valonauhan asennusoppaat<\/a><\/li><li class=\"ez-toc-page-1 ez-toc-heading-level-2\"><a class=\"ez-toc-link ez-toc-heading-10\" href=\"https:\/\/www.ledprofiili.fi\/blog\/led-valonauhan-katkaiseminen\/#Led_valonauhan_asiantuntija\">Led valonauhan asiantuntija<\/a><ul class=\"ez-toc-list-level-3\"><li class=\"ez-toc-heading-level-3\"><a class=\"ez-toc-link ez-toc-heading-11\" href=\"https:\/\/www.ledprofiili.fi\/blog\/led-valonauhan-katkaiseminen\/#Mittatilaus_Led_valonauhat\">Mittatilaus Led valonauhat<\/a><\/li><\/ul><\/li><\/ul><\/nav><\/div><h2><span class=\"ez-toc-section\" id=\"LED-valonauhan_toiminta\"><\/span>LED-valonauhan toiminta<span class=\"ez-toc-section-end\"><\/span><\/h2><p>LED-valonauha koostuu pienist\u00e4 LED-valoista, jotka on liitetty yhteen nauhaksi. Nauha on jaettu moduleihin, joiden p\u00e4\u00e4ss\u00e4 on katkaisupisteet. Moduulit ovat nauhassa s\u00e4hk\u00f6isesti kesken\u00e4\u00e4n rinnan, mik\u00e4 mahdollistaa nauhan katkaisemisen ja jatkamisen.<\/p><p>Eli jos katkaiset jostain muualta kuin leikkauskohdasta, on koko se leikattu sarjassa oleva osa pime\u00e4n\u00e4.<\/p><figure id=\"attachment_57201\" aria-describedby=\"caption-attachment-57201\" style=\"width: 1000px\" class=\"wp-caption alignnone\"><a href=\"https:\/\/ledstore.fi\/blog\/wp-content\/uploads\/Led-valonauhan-katkaseminen-oikein-ja-vaarin.jpg\" rel=\"dofollow\"><img loading=\"lazy\" decoding=\"async\" class=\"wp-image-57201\" src=\"https:\/\/ledstore.fi\/blog\/wp-content\/uploads\/Led-valonauhan-katkaseminen-oikein-ja-vaarin-870x400.jpg\" alt=\"Led valonauhan katkaseminen oikein ja v\u00e4\u00e4rin\" width=\"1000\" height=\"460\" srcset=\"https:\/\/www.ledprofiili.fi\/blog\/wp-content\/uploads\/Led-valonauhan-katkaseminen-oikein-ja-vaarin-870x400.jpg 870w, https:\/\/www.ledprofiili.fi\/blog\/wp-content\/uploads\/Led-valonauhan-katkaseminen-oikein-ja-vaarin-289x133.jpg 289w, https:\/\/www.ledprofiili.fi\/blog\/wp-content\/uploads\/Led-valonauhan-katkaseminen-oikein-ja-vaarin.jpg 1200w\" sizes=\"auto, (max-width: 1000px) 100vw, 1000px\"><\/a><figcaption id=\"caption-attachment-57201\" class=\"wp-caption-text\">Led valonauhan katkaiseminen oikein ja v\u00e4\u00e4rin.<\/figcaption><\/figure><p>T\u00e4m\u00e4 koskee perinteist\u00e4 SMD LED valonauhaa ja pisteet\u00f6nt\u00e4 COB LED valonauhaa.<\/p><figure id=\"attachment_57188\" aria-describedby=\"caption-attachment-57188\" style=\"width: 1000px\" class=\"wp-caption alignnone\"><a href=\"https:\/\/ledstore.fi\/blog\/wp-content\/uploads\/CCT-nauha-lahelta.jpg\" rel=\"dofollow\"><img loading=\"lazy\" decoding=\"async\" class=\"wp-image-57188\" src=\"https:\/\/ledstore.fi\/blog\/wp-content\/uploads\/CCT-nauha-lahelta-677x400.jpg\" alt=\"Pisteett\u00f6m\u00e4n led valonauhan katkaisu tapahtuu my\u00f6s merkitysta kohdasta\" width=\"1000\" height=\"591\" srcset=\"https:\/\/www.ledprofiili.fi\/blog\/wp-content\/uploads\/CCT-nauha-lahelta-677x400.jpg 677w, https:\/\/www.ledprofiili.fi\/blog\/wp-content\/uploads\/CCT-nauha-lahelta-225x133.jpg 225w, https:\/\/www.ledprofiili.fi\/blog\/wp-content\/uploads\/CCT-nauha-lahelta.jpg 1200w\" sizes=\"auto, (max-width: 1000px) 100vw, 1000px\"><\/a><figcaption id=\"caption-attachment-57188\" class=\"wp-caption-text\">Pisteet\u00f6n COB led nauha katkaistaan my\u00f6s viivaa pitkin.<\/figcaption><\/figure><h2><span class=\"ez-toc-section\" id=\"LED-valonauhan_katkaisemisen_tarve\"><\/span>LED-valonauhan katkaisemisen tarve<span class=\"ez-toc-section-end\"><\/span><\/h2><p>LED-valonauhaa voidaan katkaista monista syist\u00e4. Yleisimmin katkaisu tehd\u00e4\u00e4n, kun nauhaa halutaan lyhent\u00e4\u00e4 tai kun nauhaa halutaan k\u00e4ytt\u00e4\u00e4 useissa eri paikoissa. Katkaiseminen mahdollistaa my\u00f6s nauhan mukauttamisen erilaisiin tiloihin ja valaistustarpeisiin.<\/p><p>Yleisin katkaisun tarve tulee kulmissa. LED valonauha ei taivu 90 asetetta sivulle. Se tulee katkaista ja tehd\u00e4 pieni liitosjohto juotoskolvilla ja ylitt\u00e4\u00e4 mutka siten.<\/p><figure id=\"attachment_57093\" aria-describedby=\"caption-attachment-57093\" style=\"width: 1000px\" class=\"wp-caption alignnone\"><a href=\"https:\/\/ledstore.fi\/blog\/wp-content\/uploads\/Led-valonauhan-90-kulma-juotettu.png\" rel=\"dofollow\"><img loading=\"lazy\" decoding=\"async\" class=\"wp-image-57093\" src=\"https:\/\/ledstore.fi\/blog\/wp-content\/uploads\/Led-valonauhan-90-kulma-juotettu-763x400.png\" alt=\"Led valonauhan katkasu tehd\u00e4\u00e4n aina kulmissa\" width=\"1000\" height=\"524\" srcset=\"https:\/\/www.ledprofiili.fi\/blog\/wp-content\/uploads\/Led-valonauhan-90-kulma-juotettu-763x400.png 763w, https:\/\/www.ledprofiili.fi\/blog\/wp-content\/uploads\/Led-valonauhan-90-kulma-juotettu-254x133.png 254w, https:\/\/www.ledprofiili.fi\/blog\/wp-content\/uploads\/Led-valonauhan-90-kulma-juotettu.png 1200w\" sizes=\"auto, (max-width: 1000px) 100vw, 1000px\"><\/a><figcaption id=\"caption-attachment-57093\" class=\"wp-caption-text\">Led valonauhan katkaisu tehd\u00e4\u00e4n aina kulmissa.<\/figcaption><\/figure><h2><span class=\"ez-toc-section\" id=\"LED-valonauhan_katkaisemisen_perusteet\"><\/span>LED-valonauhan katkaisemisen perusteet<span class=\"ez-toc-section-end\"><\/span><\/h2><p>LED-valonauhan katkaisemiseen tarvitaan vain muutamia tarvikkeita. T\u00e4rkein ty\u00f6kalu on ter\u00e4v\u00e4t sakset, jotka mahdollistavat tasaisen ja siistin leikkauksen. On t\u00e4rke\u00e4\u00e4, ett\u00e4 nauha ei p\u00e4\u00e4se v\u00e4\u00e4ntym\u00e4\u00e4n leikkauspisteess\u00e4, jotta leikkaus onnistuu parhaiten.<\/p><p>Katkaisemalla keskelt\u00e4 merkki\u00e4, j\u00e4\u00e4 sinulle hyv\u00e4t juotospisteet viel\u00e4 nauhan uudelleen k\u00e4ytt\u00e4mist\u00e4 varten.<\/p><h2><span class=\"ez-toc-section\" id=\"LED-valonauhan_jannitteen_ja_katkaisukohtien_selvittaminen\"><\/span>LED-valonauhan j\u00e4nnitteen ja katkaisukohtien selvitt\u00e4minen<span class=\"ez-toc-section-end\"><\/span><\/h2><p>Heikkovirta LED-nauhaa voidaan yleens\u00e4 katkaista 3 tai 6 LEDin v\u00e4lein. Nauhassa on kupariset juotospisteet leikkauskohdan kohdalla, ja monesti leikkauskohta on my\u00f6s merkitty pienill\u00e4 saksien kuvilla katkaisukohdista. Katkaise vain j\u00e4nnitteet\u00f6n nauha, eli led-nauhaa ei ole kytketty muuntajaan. Markkinoilla on my\u00f6s myynniss\u00e4 verkkovirta led valonauhaa, jonka ty\u00f6st\u00e4minen on s\u00e4hk\u00f6ammattilaisen ty\u00f6t\u00e4 s\u00e4hk\u00f6iskuvaaran vuoksi. Verkkovirtaled-nauhan tunnistat luonnollisesti pakkauksesta, jossa on merkint\u00e4 230V, mutta my\u00f6s itse nauhassa led-piirit on merkitty kirjaimilla L ja N. Heikkovirtaled-nauhassa ei ole koskaan merkint\u00f6j\u00e4 L ja N, eli ne eiv\u00e4t voi menn\u00e4 sekaisin.<\/p><p><strong>Jos olet ep\u00e4varma led-nauhan j\u00e4nnitteest\u00e4, etk\u00e4 saa sit\u00e4 luotettavasti selvitetty\u00e4, niin \u00e4l\u00e4 k\u00e4yt\u00e4 nauhaa!\u00a0<\/strong><\/p><h2><span class=\"ez-toc-section\" id=\"Heikkovirtaled-nauhan_katkaisemisen_vaiheet\"><\/span>Heikkovirtaled-nauhan katkaisemisen vaiheet<span class=\"ez-toc-section-end\"><\/span><\/h2><ol>\n<li><strong>LED-valonauhan mittaaminen<\/strong> \u2013 Mittaa nauha ja merkitse, mist\u00e4 kohtaa haluat katkaista nauhan.\n<p><figure id=\"attachment_57111\" aria-describedby=\"caption-attachment-57111\" style=\"width: 800px\" class=\"wp-caption alignnone\"><a href=\"https:\/\/ledstore.fi\/blog\/wp-content\/uploads\/Mittaa-Katkaistava-LEd-valonauha-e1685771441113.png\" rel=\"dofollow\"><img loading=\"lazy\" decoding=\"async\" class=\"wp-image-57111\" src=\"https:\/\/ledstore.fi\/blog\/wp-content\/uploads\/Mittaa-Katkaistava-LEd-valonauha-e1685771441113-950x268.png\" alt=\"Led valonauhan mittaaminen\" width=\"800\" height=\"226\" srcset=\"https:\/\/www.ledprofiili.fi\/blog\/wp-content\/uploads\/Mittaa-Katkaistava-LEd-valonauha-e1685771441113-950x268.png 950w, https:\/\/www.ledprofiili.fi\/blog\/wp-content\/uploads\/Mittaa-Katkaistava-LEd-valonauha-e1685771441113-317x90.png 317w, https:\/\/www.ledprofiili.fi\/blog\/wp-content\/uploads\/Mittaa-Katkaistava-LEd-valonauha-e1685771441113.png 1200w\" sizes=\"auto, (max-width: 800px) 100vw, 800px\"><\/a><figcaption id=\"caption-attachment-57111\" class=\"wp-caption-text\">Led valonauhan mittaaminen<\/figcaption><\/figure><\/p><\/li>\n<li><strong>LED-valonauhan merkitseminen<\/strong> \u2013 Merkitse nauha katkaisukohdasta.\n<p><figure id=\"attachment_57204\" aria-describedby=\"caption-attachment-57204\" style=\"width: 800px\" class=\"wp-caption alignnone\"><a href=\"https:\/\/ledstore.fi\/blog\/wp-content\/uploads\/Led-valonauhan-katkaisukohdan-merkitseminen.png\" rel=\"dofollow\"><img loading=\"lazy\" decoding=\"async\" class=\"wp-image-57204\" src=\"https:\/\/ledstore.fi\/blog\/wp-content\/uploads\/Led-valonauhan-katkaisukohdan-merkitseminen-950x161.png\" alt=\"Led valonauhan katkaisukohdan merkitseminen\" width=\"800\" height=\"135\" srcset=\"https:\/\/www.ledprofiili.fi\/blog\/wp-content\/uploads\/Led-valonauhan-katkaisukohdan-merkitseminen-950x161.png 950w, https:\/\/www.ledprofiili.fi\/blog\/wp-content\/uploads\/Led-valonauhan-katkaisukohdan-merkitseminen-317x54.png 317w, https:\/\/www.ledprofiili.fi\/blog\/wp-content\/uploads\/Led-valonauhan-katkaisukohdan-merkitseminen.png 1200w\" sizes=\"auto, (max-width: 800px) 100vw, 800px\"><\/a><figcaption id=\"caption-attachment-57204\" class=\"wp-caption-text\">Led valonauhan katkaisukohdan merkitseminen<\/figcaption><\/figure><\/p><\/li>\n<li><strong>LED-valonauhan katkaiseminen<\/strong> \u2013 Katkaise nauha merkityst\u00e4 kohdasta ter\u00e4vill\u00e4 saksilla.\n<p><figure id=\"attachment_57096\" aria-describedby=\"caption-attachment-57096\" style=\"width: 800px\" class=\"wp-caption alignnone\"><a href=\"https:\/\/ledstore.fi\/blog\/wp-content\/uploads\/Led-valonauhan-leikkaus-2.png\" rel=\"dofollow\"><img loading=\"lazy\" decoding=\"async\" class=\"size-large wp-image-57096\" src=\"https:\/\/ledstore.fi\/blog\/wp-content\/uploads\/Led-valonauhan-leikkaus-2-800x400.png\" alt=\"Led valonauhan katkaiseminen saksilla\" width=\"800\" height=\"400\" srcset=\"https:\/\/www.ledprofiili.fi\/blog\/wp-content\/uploads\/Led-valonauhan-leikkaus-2-800x400.png 800w, https:\/\/www.ledprofiili.fi\/blog\/wp-content\/uploads\/Led-valonauhan-leikkaus-2-266x133.png 266w, https:\/\/www.ledprofiili.fi\/blog\/wp-content\/uploads\/Led-valonauhan-leikkaus-2.png 1200w\" sizes=\"auto, (max-width: 800px) 100vw, 800px\"><\/a><figcaption id=\"caption-attachment-57096\" class=\"wp-caption-text\">Led valonauhan katkaiseminen saksilla<\/figcaption><\/figure><\/p><\/li>\n<li><strong>LED-valonauhan p\u00e4iden k\u00e4sittely<\/strong> \u2013 K\u00e4sittele katkaistun nauhan p\u00e4\u00e4t tarvittaessa, jos niihin tarvitaan esimerkiksi vesitiivistys lis\u00e4\u00e4m\u00e4ll\u00e4 niihin liimaa, silikonia tai kutistesukka. T\u00e4m\u00e4 on tarpeen ulkoasennuksissa. Kuivaan tilaan tai alumiiniprofiilin sis\u00e4\u00e4n asennettavan led-nauhan p\u00e4\u00e4n voi j\u00e4tt\u00e4\u00e4 k\u00e4sittelem\u00e4tt\u00e4.<\/li>\n<\/ol><h2><span class=\"ez-toc-section\" id=\"LED-valonauhan_uudelleen_liittaminen\"><\/span>LED-valonauhan uudelleen liitt\u00e4minen<span class=\"ez-toc-section-end\"><\/span><\/h2><p>LED-nauhoille on olemassa liittimi\u00e4, jotka mahdollistavat nauhan katkaisemisen j\u00e4lkeisen jatkamisen. Liittimet kuulostavat helpolta, mutta vuosien kokemuksella voin sanoa, ett\u00e4 ainoa kest\u00e4v\u00e4 tapa uudelleen liitt\u00e4\u00e4 LED valonauha on juottaminen. Liittimet l\u00f6ystyv\u00e4t, v\u00e4liin menee p\u00f6ly\u00e4 ja rasvaa ja luotettavia, oikeankokoisia, laadukkaita liittimi\u00e4 on vaikea l\u00f6yt\u00e4\u00e4. Miten sitten liit\u00e4n valonauhat uudelleen toisiinsa?<\/p><figure id=\"attachment_57208\" aria-describedby=\"caption-attachment-57208\" style=\"width: 950px\" class=\"wp-caption alignnone\"><a href=\"https:\/\/ledstore.fi\/blog\/wp-content\/uploads\/Led-valonauhan-leikattu-pala-oikein-tai-vaarin.png\" rel=\"dofollow\"><img loading=\"lazy\" decoding=\"async\" class=\"size-large wp-image-57208\" src=\"https:\/\/ledstore.fi\/blog\/wp-content\/uploads\/Led-valonauhan-leikattu-pala-oikein-tai-vaarin-950x363.png\" alt=\"Led valonauhan leikattu pala oikein tai v\u00e4\u00e4rin\" width=\"950\" height=\"363\" srcset=\"https:\/\/www.ledprofiili.fi\/blog\/wp-content\/uploads\/Led-valonauhan-leikattu-pala-oikein-tai-vaarin-950x363.png 950w, https:\/\/www.ledprofiili.fi\/blog\/wp-content\/uploads\/Led-valonauhan-leikattu-pala-oikein-tai-vaarin-317x121.png 317w, https:\/\/www.ledprofiili.fi\/blog\/wp-content\/uploads\/Led-valonauhan-leikattu-pala-oikein-tai-vaarin.png 1200w\" sizes=\"auto, (max-width: 950px) 100vw, 950px\"><\/a><figcaption id=\"caption-attachment-57208\" class=\"wp-caption-text\">Led valonauhan leikattu pala oikein (vihre\u00e4) tai v\u00e4\u00e4rin (punainen)<\/figcaption><\/figure><p><strong>Laita katkaistut LED valonauhan p\u00e4\u00e4t yhteen (tarkasta ett\u00e4 + on + vasten!) ja juota p\u00e4\u00e4t yhteen. <\/strong><\/p><p>Toinen ongelma valmiiden liittimien kanssa on LED valonauhojen monipuolisuus, sill\u00e4 markkinoilla on paljon LED valonauhoja ja jokaisessa niist\u00e4 voi olla juotospisteet eri kohdassa ja itse LED valonauhan leveys vaihtelee.<\/p><p>Jos haluat k\u00e4ytt\u00e4\u00e4 katkaistua nauhaa useissa eri paikoissa tai jos haluat mukauttaa nauhan pituutta erilaisiin valaistustarpeisiin, joudut juottamaan niit\u00e4 juotoskolvilla. Toisaalta sen taidon oppiminen on hy\u00f6dyllist\u00e4, eik\u00e4 se ole mahdottoman vaikeaa perus LED valonauhoille. RGBW ja RGBCCT sen sijaan aiheuttaa vaikeuksia, koska liitoskohdassa on 5-6 pient\u00e4 juotospistett\u00e4.<\/p><figure id=\"attachment_57211\" aria-describedby=\"caption-attachment-57211\" style=\"width: 950px\" class=\"wp-caption alignnone\"><a href=\"https:\/\/ledstore.fi\/blog\/wp-content\/uploads\/Juotospisteiden-maara-Led-valonauhassa.jpg\" rel=\"dofollow\"><img loading=\"lazy\" decoding=\"async\" class=\"size-large wp-image-57211\" src=\"https:\/\/ledstore.fi\/blog\/wp-content\/uploads\/Juotospisteiden-maara-Led-valonauhassa-950x353.jpg\" alt=\"Juotospisteiden m\u00e4\u00e4r\u00e4 Led valonauhassa vaihtelee Nauhan ominaisuuksien mukaan\" width=\"950\" height=\"353\" srcset=\"https:\/\/www.ledprofiili.fi\/blog\/wp-content\/uploads\/Juotospisteiden-maara-Led-valonauhassa-950x353.jpg 950w, https:\/\/www.ledprofiili.fi\/blog\/wp-content\/uploads\/Juotospisteiden-maara-Led-valonauhassa-317x118.jpg 317w, https:\/\/www.ledprofiili.fi\/blog\/wp-content\/uploads\/Juotospisteiden-maara-Led-valonauhassa.jpg 1200w\" sizes=\"auto, (max-width: 950px) 100vw, 950px\"><\/a><figcaption id=\"caption-attachment-57211\" class=\"wp-caption-text\">Juotospisteiden m\u00e4\u00e4r\u00e4 Led valonauhassa vaihtelee nauhan ominaisuuksien mukaan.<\/figcaption><\/figure><h2><span class=\"ez-toc-section\" id=\"Yleisia_virheita_ja_niiden_valttaminen\"><\/span>Yleisi\u00e4 virheit\u00e4 ja niiden v\u00e4ltt\u00e4minen<span class=\"ez-toc-section-end\"><\/span><\/h2><p>LED-valonauhan katkaisemisessa voi esiinty\u00e4 joitakin yleisi\u00e4 virheit\u00e4. Yksi yleisimmist\u00e4 virheist\u00e4 on nauhan v\u00e4\u00e4r\u00e4st\u00e4 paikasta katkaiseminen. On t\u00e4rke\u00e4\u00e4, ett\u00e4 nauha katkaistaan merkityist\u00e4 katkaisukohdista, jotta nauha ei vahingoitu ja jotta se voidaan liitt\u00e4\u00e4 uudelleen.<\/p><p>Toinen yleinen virhe on nauhan v\u00e4\u00e4r\u00e4 k\u00e4sittely katkaisun j\u00e4lkeen. On t\u00e4rke\u00e4\u00e4 k\u00e4sitell\u00e4 katkaistun nauhan p\u00e4\u00e4t oikein, jotta ne eiv\u00e4t vahingoitu ja jotta nauha toimii oikein. T\u00e4m\u00e4 koskeee IP65 LED nauhoja, jotka asennetaan ulos. Suojaamaton leikkausp\u00e4\u00e4 ker\u00e4\u00e4 kosteutta ja vahingoittaa LED nauhaa.<\/p><h2><span class=\"ez-toc-section\" id=\"Yhteenveto\"><\/span>Yhteenveto<span class=\"ez-toc-section-end\"><\/span><\/h2><p>LED-valonauhan katkaiseminen on yksinkertainen prosessi, joka vaatii vain muutamia ty\u00f6kaluja ja perustietoa LED-valonauhoista. Katkaiseminen mahdollistaa nauhan mukauttamisen erilaisiin valaistustarpeisiin ja tiloihin, mik\u00e4 tekee LED-valonauhasta eritt\u00e4in monipuolisen valaistusratkaisun.<\/p><p>Toivottavasti t\u00e4m\u00e4 artikkeli auttaa sinua ymm\u00e4rt\u00e4m\u00e4\u00e4n, miten LED-valonauhaa voidaan katkaista ja jatkaa.<\/p><h2><span class=\"ez-toc-section\" id=\"Led_valonauhan_asennusoppaat\"><\/span>Led valonauhan asennusoppaat<span class=\"ez-toc-section-end\"><\/span><\/h2><ul>\n<li>12Led valonauhan rinnan kytkent\u00e4 \u2013 K\u00e4sittelemme rinnan kytkenn\u00e4n periaatetta ja annamme esimerkin.<\/li>\n<li>12Led valonauha ei syty \u2013 Miksi led nauha ei syty, k\u00e4ymme syyt l\u00e4pi<\/li>\n<li>12Led valonauha vilkkuu \u2013 Miksi led valonauha vilkkuu? Syit\u00e4 on monia ja k\u00e4ymme ne kaikki l\u00e4pi.<\/li>\n<li>12Led valonauhan k\u00e4ytt\u00f6ik\u00e4 \u2013 Mik\u00e4 vaikuttaa k\u00e4ytt\u00f6ik\u00e4\u00e4n ja miksi toiset nauhat kest\u00e4v\u00e4t pidemp\u00e4\u00e4n?<\/li>\n<li>12Led valonauhan kiinnitys \u2013 Miten kiinnit\u00e4n led nauhan sis\u00e4ll\u00e4 tai ulkona? Mit\u00e4 pit\u00e4\u00e4 huomioida?<\/li>\n<li>12Led valonauhan liitt\u00e4minen muuntajaan \u2013 Miten liit\u00e4n led nauhan erityyppisiin muuntajiin?<\/li>\n<li>12RGB Led valonauhan kytkent\u00e4 \u2013 Miten kytken RGB led valonauhan erilaisiin ohjauslaitteisiin?<\/li>\n<li>12Led valonauhan jatkaminen \u2013 Miten juotan liitokset? Pieni juotosopas aloittelijalle.<\/li>\n<\/ul><h2><span class=\"ez-toc-section\" id=\"Led_valonauhan_asiantuntija\"><\/span>Led valonauhan asiantuntija<span class=\"ez-toc-section-end\"><\/span><\/h2><p>LedStore on toiminut led-valaistuksen ja valaistussuunnittelun asiantuntijana jo vuodesta 2010. Meill\u00e4 on oma tuotesuunnittelu, joten tuotteet ovat teknisesti huippuluokkaa. Tuotteiden takuut ovat jopa 7 vuotta. Suoritamme my\u00f6s valaisinhuoltoa.<\/p><p>Keskitymme l\u00e4mp\u00f6tilas\u00e4\u00e4dett\u00e4viin ja korkean v\u00e4rintoiston valaisimiin, joten valaisimet toimivat loistavasti ja pitk\u00e4ik\u00e4isesti. Teemme vuodessa n. 500 valaistussuunnittelua asiakkaidemme kohteisiin.\u00a0<a href=\"https:\/\/ledstore.fi\/palvelut\/valaistussuunnittelu\" rel=\"dofollow\">Lue t\u00e4st\u00e4 lis\u00e4\u00e4 tai tilaa suunnittelu<\/a>. <strong><em>Tiesitk\u00f6? LedStore tarjoaa valaistussuunnittelua alkaen 169 euroa koko taloon!\u00a0<\/em><\/strong><\/p><h3><span class=\"ez-toc-section\" id=\"Mittatilaus_Led_valonauhat\"><\/span>Mittatilaus Led valonauhat<span class=\"ez-toc-section-end\"><\/span><\/h3><p>Tarjoamme palvelun a\u00a0<a href=\"https:\/\/ledstore.fi\/palvelut\/mittatilaus\" rel=\"dofollow\">mittatilaus led nauhoja<\/a>, eli jokaiselle omien mittojen mukaan led-nauhat alumiiniprofiilissa.\u00a0 My\u00f6s\u00a0<a href=\"https:\/\/ledstore.fi\/sivu\/led-valojen-asennus\/valaisimen-asennus\" rel=\"dofollow\">asennettuna.<\/a><\/p><p>Muista, ett\u00e4 olemme aina valmiina tukemaan sinua matkan varrella s\u00e4hk\u00f6postitse (<a href=\"mailto:myynti@ledstore.fi\">myynti@ledstore.fi<\/a>) ja puhelimitse (045 251 4510). Voit jakaa vapaasti sosiaalisessa mediassa kuvia omista projekteistasi #ledstorefi IG:ss\u00e4 ja ledstore.fi FB:ss\u00e4. Rakastamme n\u00e4hd\u00e4, miten hienoja juttuja ledeill\u00e4mme tehd\u00e4\u00e4n, ja se auttaa tarjoamaan inspiraatiota niille, jotka eiv\u00e4t viel\u00e4 ole varmoja ledien tehosta ja mahtavuudesta.<\/p><p><strong>Tiesitk\u00f6, ett\u00e4 meill\u00e4 on jo yli 3 500 kuvaa meid\u00e4n ledeill\u00e4 tehdyist\u00e4 asennuksista<a href=\"https:\/\/ledstore.fi\/kuvagalleria\" rel=\"dofollow\"> Galleriassamme!<\/a><\/strong><\/p>\n","protected":false},"excerpt":{"rendered":"<p>LED-valonauha on suosittu valaistusratkaisu, joka tarjoaa monipuolisuutta ja mukautettavuutta erilaisiin valaistustarpeisiin. T\u00e4ss\u00e4 artikkelissa k\u00e4sittelemme, miten heikkovirta LED-valonauhaa (12V tai 24V) voidaan katkaista ja jatkaa tarpeen mukaan. LED-valonauhan toiminta LED-valonauha koostuu pienist\u00e4 LED-valoista, jotka on liitetty yhteen nauhaksi. Nauha on jaettu moduleihin, joiden p\u00e4\u00e4ss\u00e4 on katkaisupisteet. Moduulit ovat nauhassa s\u00e4hk\u00f6isesti kesken\u00e4\u00e4n rinnan, mik\u00e4 mahdollistaa nauhan katkaisemisen &hellip;<\/p>\n","protected":false},"author":1,"featured_media":57099,"parent":0,"menu_order":0,"comment_status":"closed","ping_status":"closed","template":"","meta":{"_acf_changed":false,"om_disable_all_campaigns":false,"_monsterinsights_skip_tracking":false,"_monsterinsights_sitenote_active":false,"_monsterinsights_sitenote_note":"","_monsterinsights_sitenote_category":0,"footnotes":""},"class_list":["post-57063","page","type-page","status-publish","has-post-thumbnail","hentry"],"acf":[],"aioseo_notices":[],"_links":{"self":[{"href":"https:\/\/www.ledprofiili.fi\/blog\/wp-json\/wp\/v2\/pages\/57063","targetHints":{"allow":["GET"]}}],"collection":[{"href":"https:\/\/www.ledprofiili.fi\/blog\/wp-json\/wp\/v2\/pages"}],"about":[{"href":"https:\/\/www.ledprofiili.fi\/blog\/wp-json\/wp\/v2\/types\/page"}],"author":[{"embeddable":true,"href":"https:\/\/www.ledprofiili.fi\/blog\/wp-json\/wp\/v2\/users\/1"}],"replies":[{"embeddable":true,"href":"https:\/\/www.ledprofiili.fi\/blog\/wp-json\/wp\/v2\/comments?post=57063"}],"version-history":[{"count":0,"href":"https:\/\/www.ledprofiili.fi\/blog\/wp-json\/wp\/v2\/pages\/57063\/revisions"}],"wp:featuredmedia":[{"embeddable":true,"href":"https:\/\/www.ledprofiili.fi\/blog\/wp-json\/wp\/v2\/media\/57099"}],"wp:attachment":[{"href":"https:\/\/www.ledprofiili.fi\/blog\/wp-json\/wp\/v2\/media?parent=57063"}],"curies":[{"name":"wp","href":"https:\/\/api.w.org\/{rel}","templated":true}]}}