{"id":57066,"date":"2023-06-03T00:09:34","date_gmt":"2023-06-02T21:09:34","guid":{"rendered":"https:\/\/ledstore.fi\/blog\/?page_id=57066"},"modified":"2025-08-01T19:30:03","modified_gmt":"2025-08-01T16:30:03","slug":"led-valonauhan-rinnankytkenta","status":"publish","type":"page","link":"https:\/\/www.ledprofiili.fi\/blog\/led-valonauhan-rinnankytkenta","title":{"rendered":"LED valonauhan rinnankytkent\u00e4"},"content":{"rendered":"<!--?xml encoding=\"UTF-8\"--><p>T\u00e4ss\u00e4 artikkelissa k\u00e4sitell\u00e4\u00e4n aihetta \u201dLED-valonauhan rinnankytkent\u00e4\u201d yksityiskohtaisesti, mutta yrit\u00e4n esitt\u00e4\u00e4 tiedon niin selke\u00e4sti ja ymm\u00e4rrett\u00e4v\u00e4sti kuin mahdollista.<\/p><div id=\"ez-toc-container\" class=\"ez-toc-v2_0_81 counter-hierarchy ez-toc-counter ez-toc-white ez-toc-container-direction\">\n<nav><ul class=\"ez-toc-list ez-toc-list-level-1 \"><li class=\"ez-toc-page-1 ez-toc-heading-level-2\"><a class=\"ez-toc-link ez-toc-heading-1\" href=\"https:\/\/www.ledprofiili.fi\/blog\/led-valonauhan-rinnankytkenta\/#LED_valonauhassa_LEDit_ovat_sarjassa\">LED valonauhassa LEDit ovat sarjassa<\/a><\/li><li class=\"ez-toc-page-1 ez-toc-heading-level-2\"><a class=\"ez-toc-link ez-toc-heading-2\" href=\"https:\/\/www.ledprofiili.fi\/blog\/led-valonauhan-rinnankytkenta\/#Rinnankytkennan_perusteet\">Rinnankytkenn\u00e4n perusteet<\/a><\/li><li class=\"ez-toc-page-1 ez-toc-heading-level-2\"><a class=\"ez-toc-link ez-toc-heading-3\" href=\"https:\/\/www.ledprofiili.fi\/blog\/led-valonauhan-rinnankytkenta\/#LED-valonauhojen_rinnankytkenta\">LED-valonauhojen rinnankytkent\u00e4<\/a><ul class=\"ez-toc-list-level-3\"><li class=\"ez-toc-heading-level-3\"><a class=\"ez-toc-link ez-toc-heading-4\" href=\"https:\/\/www.ledprofiili.fi\/blog\/led-valonauhan-rinnankytkenta\/#LED_valonauhojen_rinnankytkenta_kaytannossa\">LED valonauhojen rinnankytkent\u00e4 k\u00e4yt\u00e4nn\u00f6ss\u00e4<\/a><ul class=\"ez-toc-list-level-4\"><li class=\"ez-toc-heading-level-4\"><a class=\"ez-toc-link ez-toc-heading-5\" href=\"https:\/\/www.ledprofiili.fi\/blog\/led-valonauhan-rinnankytkenta\/#Yhteen_liittaminen\">Yhteen liitt\u00e4minen<\/a><\/li><\/ul><\/li><\/ul><\/li><li class=\"ez-toc-page-1 ez-toc-heading-level-2\"><a class=\"ez-toc-link ez-toc-heading-6\" href=\"https:\/\/www.ledprofiili.fi\/blog\/led-valonauhan-rinnankytkenta\/#LED_nauhan_muuntajan_tehon_laskeminen\">LED nauhan muuntajan tehon laskeminen<\/a><\/li><li class=\"ez-toc-page-1 ez-toc-heading-level-2\"><a class=\"ez-toc-link ez-toc-heading-7\" href=\"https:\/\/www.ledprofiili.fi\/blog\/led-valonauhan-rinnankytkenta\/#LED-valonauhojen_rinnankytkenta_%E2%80%93_haasteet\">LED-valonauhojen rinnankytkent\u00e4 \u2013 haasteet<\/a><\/li><li class=\"ez-toc-page-1 ez-toc-heading-level-2\"><a class=\"ez-toc-link ez-toc-heading-8\" href=\"https:\/\/www.ledprofiili.fi\/blog\/led-valonauhan-rinnankytkenta\/#Esimerkkeja_LED-valonauhojen_rinnankytkenta\">Esimerkkej\u00e4: LED-valonauhojen rinnankytkent\u00e4<\/a><\/li><li class=\"ez-toc-page-1 ez-toc-heading-level-2\"><a class=\"ez-toc-link ez-toc-heading-9\" href=\"https:\/\/www.ledprofiili.fi\/blog\/led-valonauhan-rinnankytkenta\/#Usein_kysyttyja_kysymyksia_aiheesta_LED-valonauhojen_rinnankytkenta\">Usein kysyttyj\u00e4 kysymyksi\u00e4 aiheesta: LED-valonauhojen rinnankytkent\u00e4<\/a><ul class=\"ez-toc-list-level-3\"><li class=\"ez-toc-heading-level-3\"><a class=\"ez-toc-link ez-toc-heading-10\" href=\"https:\/\/www.ledprofiili.fi\/blog\/led-valonauhan-rinnankytkenta\/#Mita_teen_jos_yksi_rinnan_kytketyista_LED_valonauhoista_ei_toimi\">Mit\u00e4 teen jos yksi rinnan kytketyist\u00e4 LED valonauhoista ei toimi?<\/a><\/li><li class=\"ez-toc-page-1 ez-toc-heading-level-3\"><a class=\"ez-toc-link ez-toc-heading-11\" href=\"https:\/\/www.ledprofiili.fi\/blog\/led-valonauhan-rinnankytkenta\/#Voinko_kayttaa_eri_merkkisia_LED_valonauhoja_samassa_virtalahteessa\">Voinko k\u00e4ytt\u00e4\u00e4 eri merkkisi\u00e4 LED valonauhoja samassa virtal\u00e4hteess\u00e4?<\/a><\/li><li class=\"ez-toc-page-1 ez-toc-heading-level-3\"><a class=\"ez-toc-link ez-toc-heading-12\" href=\"https:\/\/www.ledprofiili.fi\/blog\/led-valonauhan-rinnankytkenta\/#Kuinka_monta_LED_valonauhaa_voit_kytkea_rinnan\">Kuinka monta LED valonauhaa voit kytke\u00e4 rinnan?<\/a><\/li><\/ul><\/li><li class=\"ez-toc-page-1 ez-toc-heading-level-2\"><a class=\"ez-toc-link ez-toc-heading-13\" href=\"https:\/\/www.ledprofiili.fi\/blog\/led-valonauhan-rinnankytkenta\/#Lopuksi\">Lopuksi<\/a><\/li><li class=\"ez-toc-page-1 ez-toc-heading-level-2\"><a class=\"ez-toc-link ez-toc-heading-14\" href=\"https:\/\/www.ledprofiili.fi\/blog\/led-valonauhan-rinnankytkenta\/#Led_valonauhan_asennusoppaat\">Led valonauhan asennusoppaat<\/a><\/li><li class=\"ez-toc-page-1 ez-toc-heading-level-2\"><a class=\"ez-toc-link ez-toc-heading-15\" href=\"https:\/\/www.ledprofiili.fi\/blog\/led-valonauhan-rinnankytkenta\/#Led_valonauhojen_asiantuntija\">Led valonauhojen asiantuntija<\/a><ul class=\"ez-toc-list-level-3\"><li class=\"ez-toc-heading-level-3\"><a class=\"ez-toc-link ez-toc-heading-16\" href=\"https:\/\/www.ledprofiili.fi\/blog\/led-valonauhan-rinnankytkenta\/#Mittatilaus_Led_valonauhat\">Mittatilaus Led valonauhat<\/a><\/li><\/ul><\/li><\/ul><\/nav><\/div><h2><span class=\"ez-toc-section\" id=\"LED_valonauhassa_LEDit_ovat_sarjassa\"><\/span>LED valonauhassa LEDit ovat sarjassa<span class=\"ez-toc-section-end\"><\/span><\/h2><p>LED-valonauha on joustava nauha, joka koostuu useista pienist\u00e4 LED-valoista (Light Emitting Diodes). N\u00e4m\u00e4 ovat nauhalla sarjaan kytkettyn\u00e4 pieniss\u00e4 ryhmiss\u00e4. Sarjassa jos yksikin vikaantuu, kaikki sammuvat. Kuten perinteisesti joulukuusen valot.<\/p><figure id=\"attachment_57087\" aria-describedby=\"caption-attachment-57087\" style=\"width: 943px\" class=\"wp-caption alignnone\"><a href=\"https:\/\/ledstore.fi\/blog\/wp-content\/uploads\/Led-piirit-SARJASSA.jpg\" rel=\"dofollow\"><img loading=\"lazy\" decoding=\"async\" class=\"size-large wp-image-57087\" src=\"https:\/\/ledstore.fi\/blog\/wp-content\/uploads\/Led-piirit-SARJASSA-943x400.jpg\" alt=\"Led piirit SARJASSA led valonauhalla\" width=\"943\" height=\"400\" srcset=\"https:\/\/www.ledprofiili.fi\/blog\/wp-content\/uploads\/Led-piirit-SARJASSA-943x400.jpg 943w, https:\/\/www.ledprofiili.fi\/blog\/wp-content\/uploads\/Led-piirit-SARJASSA-314x133.jpg 314w, https:\/\/www.ledprofiili.fi\/blog\/wp-content\/uploads\/Led-piirit-SARJASSA.jpg 1200w\" sizes=\"auto, (max-width: 943px) 100vw, 943px\"><\/a><figcaption id=\"caption-attachment-57087\" class=\"wp-caption-text\">Led piirit SARJASSA led valonauhalla, sarja merkitty mustalla viivalla<\/figcaption><\/figure><h2><span class=\"ez-toc-section\" id=\"Rinnankytkennan_perusteet\"><\/span>Rinnankytkenn\u00e4n perusteet<span class=\"ez-toc-section-end\"><\/span><\/h2><p>Rinnankytkent\u00e4 tarkoittaa, ett\u00e4 kytket\u00e4\u00e4n useampi laite (t\u00e4ss\u00e4 tapauksessa LED-valonauha) samaan virtal\u00e4hteeseen niin, ett\u00e4 jokainen laite saa saman j\u00e4nnitteen. Kytket\u00e4\u00e4n kesken\u00e4\u00e4n samanv\u00e4riset johtimet yhteen.<\/p><figure id=\"attachment_57195\" aria-describedby=\"caption-attachment-57195\" style=\"width: 1000px\" class=\"wp-caption alignnone\"><a href=\"https:\/\/ledstore.fi\/blog\/wp-content\/uploads\/72w-led-nauha-kytketty-rinnan.jpg\" rel=\"dofollow\"><img loading=\"lazy\" decoding=\"async\" class=\"wp-image-57195\" src=\"https:\/\/ledstore.fi\/blog\/wp-content\/uploads\/72w-led-nauha-kytketty-rinnan-950x287.jpg\" alt=\"led valo nauha rinnankytkent\u00e4\" width=\"1000\" height=\"303\" srcset=\"https:\/\/www.ledprofiili.fi\/blog\/wp-content\/uploads\/72w-led-nauha-kytketty-rinnan-950x287.jpg 950w, https:\/\/www.ledprofiili.fi\/blog\/wp-content\/uploads\/72w-led-nauha-kytketty-rinnan-317x96.jpg 317w, https:\/\/www.ledprofiili.fi\/blog\/wp-content\/uploads\/72w-led-nauha-kytketty-rinnan.jpg 1200w\" sizes=\"auto, (max-width: 1000px) 100vw, 1000px\"><\/a><figcaption id=\"caption-attachment-57195\" class=\"wp-caption-text\">Led nauha kytketty rinnan<\/figcaption><\/figure><p>Rinnankytkenn\u00e4n etuja ovat mm. joustavuus ja luotettavuus: jos yksi laite vikaantuu, muut jatkavat toimintaansa.<\/p><h2><span class=\"ez-toc-section\" id=\"LED-valonauhojen_rinnankytkenta\"><\/span>LED-valonauhojen rinnankytkent\u00e4<span class=\"ez-toc-section-end\"><\/span><\/h2><p>LED-valonauhojen rinnankytkent\u00e4 vaatii hieman teknist\u00e4 tiet\u00e4myst\u00e4 ja oikeat ty\u00f6kalut, kuten juottimen ja s\u00e4hk\u00f6kaapelit. Prosessi sis\u00e4lt\u00e4\u00e4 valonauhojen leikkaamisen oikeaan mittaan, kaapeleiden kiinnitt\u00e4misen valonauhoihin ja lopulta kaapeleiden liitt\u00e4misen virtal\u00e4hteeseen. Muista aina tarkistaa, ett\u00e4 virta on katkaistu ennen ty\u00f6n aloittamista.<\/p><h3><span class=\"ez-toc-section\" id=\"LED_valonauhojen_rinnankytkenta_kaytannossa\"><\/span>LED valonauhojen rinnankytkent\u00e4 k\u00e4yt\u00e4nn\u00f6ss\u00e4<span class=\"ez-toc-section-end\"><\/span><\/h3><p>Tarkasta kaikista LED valonauhoista ensin mik\u00e4 on + (positiivinen) johto. Se lukee led nauhassa aina katkaisupisteess\u00e4. Joskus merkinn\u00e4t ovat todella pienell\u00e4, joten ota vaikka k\u00e4nnykk\u00e4kuva ja zoomaa kuvaan.<\/p><p>Ja sitten loput ovat \u2013 merkkisi\u00e4 (negatiivinen). Negatiivisia kaapeleita voit laittaa mihin vain j\u00e4rjestykseen ja liitt\u00e4\u00e4 sen muuntajan \u2013 johtoon. Ja LED valonauha syttyy.<\/p><p><strong>Negatiivisia (miinuksia) johtoja on eri nauhatyypeiss\u00e4 seuraavasti:<\/strong><\/p><p>Yksiv\u00e4risess\u00e4 nauhassa negatiivisia on 1 kpl<\/p><ul>\n<li>CCT (V\u00e4ril\u00e4mp\u00f6tilas\u00e4\u00e4dett\u00e4v\u00e4ss\u00e4) 2 kpl: WW ja CV eli l\u00e4mmin ja kylm\u00e4 valkoinen<\/li>\n<li>RGB 3 kpl: Red, Green, Blue eli Punainen, Vihre\u00e4 ja Sininen<\/li>\n<li>RGBW 4 kpl: Red, Green, Blue, White eli Punainen, Vihre\u00e4, Sininen ja Valkoinen<\/li>\n<li>RGBCCT 5 kpl: Red, Green, Blue, Warm ja Cool eli Punainen, Vihre\u00e4, Sininen ja l\u00e4mmin ja kylm\u00e4 Valkoinen<\/li>\n<\/ul><p>Eli voit liitt\u00e4\u00e4 mink\u00e4 tahansa\u00a0 n\u00e4ist\u00e4 johdoista miinukseen ja se v\u00e4ri syttyy. Kunhan sen kaverina siis plussa on kytketty plussaan.<\/p><figure id=\"attachment_57188\" aria-describedby=\"caption-attachment-57188\" style=\"width: 1000px\" class=\"wp-caption alignnone\"><a href=\"https:\/\/ledstore.fi\/blog\/wp-content\/uploads\/CCT-nauha-lahelta.jpg\" rel=\"dofollow\"><img loading=\"lazy\" decoding=\"async\" class=\"wp-image-57188\" src=\"https:\/\/ledstore.fi\/blog\/wp-content\/uploads\/CCT-nauha-lahelta-677x400.jpg\" alt=\"CCT nauha l\u00e4helt\u00e4 josta n\u00e4et negatiiviset liitokset\" width=\"1000\" height=\"591\" srcset=\"https:\/\/www.ledprofiili.fi\/blog\/wp-content\/uploads\/CCT-nauha-lahelta-677x400.jpg 677w, https:\/\/www.ledprofiili.fi\/blog\/wp-content\/uploads\/CCT-nauha-lahelta-225x133.jpg 225w, https:\/\/www.ledprofiili.fi\/blog\/wp-content\/uploads\/CCT-nauha-lahelta.jpg 1200w\" sizes=\"auto, (max-width: 1000px) 100vw, 1000px\"><\/a><figcaption id=\"caption-attachment-57188\" class=\"wp-caption-text\">CCT nauha l\u00e4helt\u00e4 josta n\u00e4et negatiiviset liitokset.<\/figcaption><\/figure><p><strong>LED NAUHA TAI MUUNTAJA EI YLEENS\u00c4 MENE RIKKI VAIKKA HETKELLISESTI KYTKET + ja \u2013 RISTIIN.<\/strong> Laadukkaissa muuntajissa on oikosulkusuoja, eli valo ei vain syty, koska muuntaja suojelee itse\u00e4\u00e4n. T\u00e4m\u00e4 tapahtuu aina jos \u2013 koskettaa + napaa. Saatat toki s\u00e4ik\u00e4ht\u00e4\u00e4, jos pid\u00e4t niit\u00e4 k\u00e4dess\u00e4si, sill\u00e4 siit\u00e4 voi tulla pieni kipin\u00e4.<\/p><h4><span class=\"ez-toc-section\" id=\"Yhteen_liittaminen\"><\/span>Yhteen liitt\u00e4minen<span class=\"ez-toc-section-end\"><\/span><\/h4><p>Kun olet selvitt\u00e4nyt kaikista LED nauhoista plussat, laita ne yhteen sokeripalalla, vipuliittimill\u00e4, juottamalla, tms. Eli kaikki n\u00e4m\u00e4 menev\u00e4t muuntajassa siis plussaan (+).<\/p><p>Sitten vain toistat kaikilla LED nauhoilla v\u00e4rit samalla tavalla, ns. v\u00e4ri-v\u00e4riin.<\/p><h2><span class=\"ez-toc-section\" id=\"LED_nauhan_muuntajan_tehon_laskeminen\"><\/span>LED nauhan muuntajan tehon laskeminen<span class=\"ez-toc-section-end\"><\/span><\/h2><p>LED valonauhan muuntajan koon laskeminen rinnankytkenn\u00e4ss\u00e4 on helppoa! Otetaan esimerkki jossa on 14,4W LED valonauhaa 3 kappaletta, joiden pituudet ovat 160cm, 220cm ja 240cm.<\/p><p><strong>N\u00e4in lasket rinnakkain kytkettyjen LED nauhojen tehontarpeen:<\/strong><\/p><ol>\n<li>LED valonauha on 14,4W metri, eli se siis ottaa virtaa (A) 14,4 Wattia per metri.<\/li>\n<li>Seuraavaksi lasketaan kokonaismetrit, joita muuntajaan kytket\u00e4\u00e4n kokonaisuudessaan eli 160+220+240 cm = 620 cm, joka on 6,2 m<\/li>\n<li>Sitten kerrotaan metrit teholla, eli 6,2 m x 14,4 W\/m = 89,28 W<\/li>\n<\/ol><p>LED muuntajan laskennassa on t\u00e4rke\u00e4\u00e4 muistaa j\u00e4tt\u00e4\u00e4 muuntajalle 15-25 % tehovaraa, eli muuntajan tulisi olla<\/p><p>89 W x 1,15 = 102 W minimiss\u00e4\u00e4n.<\/p><h2><span class=\"ez-toc-section\" id=\"LED-valonauhojen_rinnankytkenta_%E2%80%93_haasteet\"><\/span>LED-valonauhojen rinnankytkent\u00e4 \u2013 haasteet<span class=\"ez-toc-section-end\"><\/span><\/h2><p>LED-valonauhojen rinnankytkenn\u00e4ss\u00e4 tulee ottaa huomioon muutama asia.<\/p><p>Ensinn\u00e4kin, kun useampi valonauha on kytketty rinnan, virtal\u00e4hteen on kyett\u00e4v\u00e4 antamaan riitt\u00e4v\u00e4sti virtaa kaikille nauhoille, kuten edellisess\u00e4 laskettiin. Muuten kaikki nauhat vilkkuvat tai osa palaa himme\u00e4mp\u00e4n\u00e4.<\/p><p>Toiseksi, valon voimakkuuden tulee olla tasainen kaikissa nauhoissa, ja t\u00e4m\u00e4 ei tapahdu, jos jokin LED nauhoista on merkitt\u00e4v\u00e4sti pidempi, yli 10m tai jossakin LED nauhassa todella pitk\u00e4t sy\u00f6tt\u00f6johdot.<\/p><p>Molemmissa tapauksissa syy on j\u00e4nnitteen aleneminen, eli 24 V LED nauhalla saattaa olla en\u00e4\u00e4 21 V pitk\u00e4n sy\u00f6tt\u00f6kaapelin vuoksi. Kaapeli toimii j\u00e4nnitteelle vastuksena ja pitkiss\u00e4 v\u00e4likaapeleissa tulisi ottaa huomioon lis\u00e4\u00e4 tehontarvetta muuntajalle.<\/p><h2><span class=\"ez-toc-section\" id=\"Esimerkkeja_LED-valonauhojen_rinnankytkenta\"><\/span>Esimerkkej\u00e4: LED-valonauhojen rinnankytkent\u00e4<span class=\"ez-toc-section-end\"><\/span><\/h2><p>Yksi esimerkki LED-valonauhojen rinnankytkenn\u00e4st\u00e4 on kodin sis\u00e4valaistuksen parantaminen. Esimerkiksi keitti\u00f6ss\u00e4 voidaan asentaa useampi LED-valonauha ty\u00f6tasojen alle tuomaan tehokasta ja miellytt\u00e4v\u00e4\u00e4 valoa. N\u00e4m\u00e4 kaikki ty\u00f6tasovalot kytket\u00e4\u00e4n samaan muuntajaan RINNAN.<\/p><figure id=\"attachment_57191\" aria-describedby=\"caption-attachment-57191\" style=\"width: 1000px\" class=\"wp-caption alignnone\"><a href=\"https:\/\/ledstore.fi\/blog\/wp-content\/uploads\/KEitito-led-valonauhat-rinnan.jpg\" rel=\"dofollow\"><img loading=\"lazy\" decoding=\"async\" class=\"wp-image-57191\" src=\"https:\/\/ledstore.fi\/blog\/wp-content\/uploads\/KEitito-led-valonauhat-rinnan-736x400.jpg\" alt=\"Kuvassa Keitti\u00f6n kaapiston p\u00e4\u00e4ll\u00e4 ja alla olevat valot on kytketty rinnan eli ne syttyv\u00e4t yht\u00e4 aikaa.\" width=\"1000\" height=\"543\" srcset=\"https:\/\/www.ledprofiili.fi\/blog\/wp-content\/uploads\/KEitito-led-valonauhat-rinnan-736x400.jpg 736w, https:\/\/www.ledprofiili.fi\/blog\/wp-content\/uploads\/KEitito-led-valonauhat-rinnan-245x133.jpg 245w, https:\/\/www.ledprofiili.fi\/blog\/wp-content\/uploads\/KEitito-led-valonauhat-rinnan.jpg 1200w\" sizes=\"auto, (max-width: 1000px) 100vw, 1000px\"><\/a><figcaption id=\"caption-attachment-57191\" class=\"wp-caption-text\">Kuvassa keitti\u00f6n kaapiston p\u00e4\u00e4ll\u00e4 ja alla olevat valot on kytketty rinnan eli ne syttyv\u00e4t yht\u00e4 aikaa.<\/figcaption><\/figure><p>Toinen suosittu paikka on saunan valaistus, jossa lauteen alle ja selk\u00e4nojan taakse asennetaan LED-valonauhat. T\u00e4ss\u00e4kin tapauksessa molemmat nauhat vied\u00e4\u00e4n samalle muuntajalle RINNAN.<\/p><figure id=\"attachment_35299\" aria-describedby=\"caption-attachment-35299\" style=\"width: 1000px\" class=\"wp-caption alignnone\"><a href=\"https:\/\/ledstore.fi\/blog\/wp-content\/uploads\/Led-valot-saunassa-LedStore.fi_2.jpg\" rel=\"dofollow\"><img loading=\"lazy\" decoding=\"async\" class=\"wp-image-35299\" src=\"https:\/\/ledstore.fi\/blog\/wp-content\/uploads\/Led-valot-saunassa-LedStore.fi_2-823x400.jpg\" alt=\"Led valonauhat Saunassa on kytketty rinnakkain ja syttyv\u00e4t siten yht\u00e4 aikaa\" width=\"1000\" height=\"486\" srcset=\"https:\/\/www.ledprofiili.fi\/blog\/wp-content\/uploads\/Led-valot-saunassa-LedStore.fi_2-823x400.jpg 823w, https:\/\/www.ledprofiili.fi\/blog\/wp-content\/uploads\/Led-valot-saunassa-LedStore.fi_2-274x133.jpg 274w, https:\/\/www.ledprofiili.fi\/blog\/wp-content\/uploads\/Led-valot-saunassa-LedStore.fi_2.jpg 1200w\" sizes=\"auto, (max-width: 1000px) 100vw, 1000px\"><\/a><figcaption id=\"caption-attachment-35299\" class=\"wp-caption-text\">Led valonauhat saunassa on kytketty rinnakkain, ja ne syttyv\u00e4t siten yht\u00e4 aikaa.<\/figcaption><\/figure><h2><span class=\"ez-toc-section\" id=\"Usein_kysyttyja_kysymyksia_aiheesta_LED-valonauhojen_rinnankytkenta\"><\/span>Usein kysyttyj\u00e4 kysymyksi\u00e4 aiheesta: LED-valonauhojen rinnankytkent\u00e4<span class=\"ez-toc-section-end\"><\/span><\/h2><h3><span class=\"ez-toc-section\" id=\"Mita_teen_jos_yksi_rinnan_kytketyista_LED_valonauhoista_ei_toimi\"><\/span>Mit\u00e4 teen jos yksi rinnan kytketyist\u00e4 LED valonauhoista ei toimi?<span class=\"ez-toc-section-end\"><\/span><\/h3><p>Jos yksi LED-valonauha ei toimi, tarkista ensin, ett\u00e4 kyseinen valonauha on ehj\u00e4 p\u00e4\u00e4llisin puolin ja sitten ett\u00e4 kaapelointi on kunnossa.<\/p><h3><span class=\"ez-toc-section\" id=\"Voinko_kayttaa_eri_merkkisia_LED_valonauhoja_samassa_virtalahteessa\"><\/span>Voinko k\u00e4ytt\u00e4\u00e4 eri merkkisi\u00e4 LED valonauhoja samassa virtal\u00e4hteess\u00e4?<span class=\"ez-toc-section-end\"><\/span><\/h3><p>Kyll\u00e4, voit k\u00e4ytt\u00e4\u00e4 eri merkkisi\u00e4 LED-valonauhoja samassa rinnankytkenn\u00e4ss\u00e4, mutta varmista, ett\u00e4 ne ovat yhteensopivia j\u00e4nnitteen (12 tai 24 Volttia) suhteen.<\/p><h3><span class=\"ez-toc-section\" id=\"Kuinka_monta_LED_valonauhaa_voit_kytkea_rinnan\"><\/span>Kuinka monta LED valonauhaa voit kytke\u00e4 rinnan?<span class=\"ez-toc-section-end\"><\/span><\/h3><p>LED-valonauhojen m\u00e4\u00e4r\u00e4\u00e4, jonka voit kytke\u00e4 rinnan, rajoittaa l\u00e4hinn\u00e4 virtal\u00e4hteen teho.<\/p><h2><span class=\"ez-toc-section\" id=\"Lopuksi\"><\/span>Lopuksi<span class=\"ez-toc-section-end\"><\/span><\/h2><p>LED-valonauhojen rinnankytkent\u00e4 tarjoaa joustavan ja luotettavan tavan parantaa kodin tai ty\u00f6paikan valaistusta. Sen toteuttaminen vaatii jonkin verran teknist\u00e4 osaamista ja oikeat ty\u00f6kalut, mutta sen etuja ovat valon laatu, tehokkuus ja toiminnan jatkuvuus, vaikka yksi nauha vikaantuisikin.<\/p><p>T\u00e4rke\u00e4\u00e4 on huomata, ett\u00e4 jokainen rinnankytkent\u00e4projekti on yksil\u00f6llinen ja vaatii omat ratkaisunsa, joten t\u00e4m\u00e4 artikkeli tarjoaa vain yleisen ohjeistuksen aiheeseen.<\/p><h2><span class=\"ez-toc-section\" id=\"Led_valonauhan_asennusoppaat\"><\/span>Led valonauhan asennusoppaat<span class=\"ez-toc-section-end\"><\/span><\/h2><ul>\n<li><a href=\"https:\/\/ledstore.fi\/blog\/led-valonauhan-katkaiseminen\" target=\"_blank\" rel=\"dofollow noopener\">Led valonauhan katkaiseminen<\/a> \u2013 Led valonauhan katkaiseminen ja led nauhan palan vaihto<\/li>\n<li><a href=\"https:\/\/ledstore.fi\/blog\/led-valonauha-ei-syty\" target=\"_blank\" rel=\"dofollow noopener\">Led valonauha ei syty<\/a> \u2013 Miksi led nauha ei syty, k\u00e4ymme syyt l\u00e4pi<\/li>\n<li><a href=\"https:\/\/ledstore.fi\/blog\/led-valonauha-vilkkuu\" target=\"_blank\" rel=\"dofollow noopener\">Led valonauha vilkkuu<\/a> \u2013 Miksi led valonauha vilkkuu? Syit\u00e4 on monia ja k\u00e4ymme ne kaikki l\u00e4pi.<\/li>\n<li><a href=\"https:\/\/ledstore.fi\/blog\/led-valonauhan-kayttoika\" target=\"_blank\" rel=\"dofollow noopener\">Led valonauhan k\u00e4ytt\u00f6ik\u00e4<\/a> \u2013 Mik\u00e4 vaikuttaa k\u00e4ytt\u00f6ik\u00e4\u00e4n ja miksi toiset nauhat kest\u00e4v\u00e4t pidemp\u00e4\u00e4n?<\/li>\n<li><a href=\"https:\/\/ledstore.fi\/blog\/led-valonauhan-kiinnitys\" target=\"_blank\" rel=\"dofollow noopener\">Led valonauhan kiinnitys<\/a> \u2013 Miten kiinnit\u00e4n led nauhan sis\u00e4ll\u00e4 tai ulkona? Mit\u00e4 pit\u00e4\u00e4 huomioida?<\/li>\n<li><a href=\"https:\/\/ledstore.fi\/blog\/led-valonauhan-liittaminen-muuntajaan\" target=\"_blank\" rel=\"dofollow noopener\">Led valonauhan liitt\u00e4minen muuntajaan<\/a> \u2013 Miten liit\u00e4n led nauhan erityyppisiin muuntajiin?<\/li>\n<li><a href=\"https:\/\/ledstore.fi\/blog\/rgb-led-valonauhan-kytkenta\" target=\"_blank\" rel=\"dofollow noopener\">RGB Led valonauhan kytkent\u00e4<\/a> \u2013 Miten kytken RGB led valonauhan erilaisiin ohjauslaitteisiin?<\/li>\n<li><a href=\"https:\/\/ledstore.fi\/blog\/led-valonauhan-jatkaminen\" target=\"_blank\" rel=\"dofollow noopener\">Led valonauhan jatkaminen<\/a> \u2013 Miten juotan liitokset? Pieni juotosopas aloittelijalle.<\/li>\n<\/ul><h2><span class=\"ez-toc-section\" id=\"Led_valonauhojen_asiantuntija\"><\/span>Led valonauhojen asiantuntija<span class=\"ez-toc-section-end\"><\/span><\/h2><p>LedStore on toiminut led-valaistuksen ja valaistussuunnittelun asiantuntijana jo vuodesta 2010. Meill\u00e4 on oma tuotesuunnittelu, joten tuotteet ovat teknisesti huippuluokkaa. Tuotteiden takuut ovat jopa 7 vuotta. Suoritamme my\u00f6s valaisinhuoltoa.<\/p><p>Keskitymme l\u00e4mp\u00f6tilas\u00e4\u00e4dett\u00e4viin ja korkean v\u00e4rintoiston valaisimiin, joten valaisimet toimivat loistavasti ja pitk\u00e4ik\u00e4isesti. Teemme vuodessa n. 500 valaistussuunnittelua asiakkaidemme kohteisiin.\u00a0<a href=\"https:\/\/ledstore.fi\/palvelut\/valaistussuunnittelu\" rel=\"dofollow\">Lue t\u00e4st\u00e4 lis\u00e4\u00e4 tai tilaa suunnittelu<\/a>. <strong><em>Tiesitk\u00f6? LedStore tarjoaa valaistussuunnittelua alkaen 169 euroa koko taloon!\u00a0<\/em><\/strong><\/p><h3><span class=\"ez-toc-section\" id=\"Mittatilaus_Led_valonauhat\"><\/span>Mittatilaus Led valonauhat<span class=\"ez-toc-section-end\"><\/span><\/h3><p>Tarjoamme palveluna <a href=\"https:\/\/ledstore.fi\/palvelut\/mittatilaus\" rel=\"dofollow\">mittatilaus led nauhoja<\/a>, eli jokaiselle omien mittojen mukaan led-nauhat alumiiniprofiilissa.\u00a0 My\u00f6s\u00a0<a href=\"https:\/\/ledstore.fi\/sivu\/led-valojen-asennus\/valaisimen-asennus\" rel=\"dofollow\">asennettuna.<\/a><\/p><p>Muista, ett\u00e4 olemme aina valmiina tukemaan sinua matkan varrella s\u00e4hk\u00f6postitse (<a href=\"mailto:myynti@ledstore.fi\">myynti@ledstore.fi<\/a>) ja puhelimitse (045 251 4510). Kuten aina, voit jakaa vapaasti sosiaalisessa mediassa kuvia omista projekteistasi #ledstorefi IG:ss\u00e4 ja ledstorefinland FB:ss\u00e4. Rakastamme n\u00e4hd\u00e4, miten hienoja juttuja LEDeill\u00e4mme tehd\u00e4\u00e4n, ja se auttaa tarjoamaan inspiraatiota niille, jotka eiv\u00e4t viel\u00e4 ole varmoja LEDien tehosta ja mahtavuudesta.<\/p><p><strong>Tiesitk\u00f6, ett\u00e4 meill\u00e4 on jo yli 3 500 kuvaa meid\u00e4n ledeill\u00e4 tehdyist\u00e4 asennuksista<a href=\"https:\/\/ledstore.fi\/kuvagalleria\" rel=\"dofollow\"> Galleriassamme!<\/a><\/strong><\/p>\n","protected":false},"excerpt":{"rendered":"<p>T\u00e4ss\u00e4 artikkelissa k\u00e4sitell\u00e4\u00e4n aihetta &#8221;LED-valonauhan rinnankytkent\u00e4&#8221; yksityiskohtaisesti, mutta yrit\u00e4n esitt\u00e4\u00e4 tiedon niin selke\u00e4sti ja ymm\u00e4rrett\u00e4v\u00e4sti kuin mahdollista. LED valonauhassa LEDit ovat sarjassa LED-valonauha on joustava nauha, joka koostuu useista pienist\u00e4 LED-valoista (Light Emitting Diodes). N\u00e4m\u00e4 ovat nauhalla sarjaan kytkettyn\u00e4 pieniss\u00e4 ryhmiss\u00e4. Sarjassa jos yksikin vikaantuu, kaikki sammuvat. Kuten perinteisesti joulukuusen valot. Rinnankytkenn\u00e4n perusteet Rinnankytkent\u00e4 tarkoittaa, &hellip;<\/p>\n","protected":false},"author":1,"featured_media":57185,"parent":0,"menu_order":0,"comment_status":"closed","ping_status":"closed","template":"","meta":{"_acf_changed":false,"om_disable_all_campaigns":false,"_monsterinsights_skip_tracking":false,"_monsterinsights_sitenote_active":false,"_monsterinsights_sitenote_note":"","_monsterinsights_sitenote_category":0,"footnotes":""},"class_list":["post-57066","page","type-page","status-publish","has-post-thumbnail","hentry"],"acf":[],"aioseo_notices":[],"_links":{"self":[{"href":"https:\/\/www.ledprofiili.fi\/blog\/wp-json\/wp\/v2\/pages\/57066","targetHints":{"allow":["GET"]}}],"collection":[{"href":"https:\/\/www.ledprofiili.fi\/blog\/wp-json\/wp\/v2\/pages"}],"about":[{"href":"https:\/\/www.ledprofiili.fi\/blog\/wp-json\/wp\/v2\/types\/page"}],"author":[{"embeddable":true,"href":"https:\/\/www.ledprofiili.fi\/blog\/wp-json\/wp\/v2\/users\/1"}],"replies":[{"embeddable":true,"href":"https:\/\/www.ledprofiili.fi\/blog\/wp-json\/wp\/v2\/comments?post=57066"}],"version-history":[{"count":1,"href":"https:\/\/www.ledprofiili.fi\/blog\/wp-json\/wp\/v2\/pages\/57066\/revisions"}],"predecessor-version":[{"id":72679,"href":"https:\/\/www.ledprofiili.fi\/blog\/wp-json\/wp\/v2\/pages\/57066\/revisions\/72679"}],"wp:featuredmedia":[{"embeddable":true,"href":"https:\/\/www.ledprofiili.fi\/blog\/wp-json\/wp\/v2\/media\/57185"}],"wp:attachment":[{"href":"https:\/\/www.ledprofiili.fi\/blog\/wp-json\/wp\/v2\/media?parent=57066"}],"curies":[{"name":"wp","href":"https:\/\/api.w.org\/{rel}","templated":true}]}}